01
What is 6de9c (base 16) in base 12?
198650
What is -261435 (base 7) in base 12?
-24149
3234253 (base 7) to base 12
1708b4
Convert 13124 (base 6) to base 14.
a28
-11fdc (base 16) to base 15
-16c7c
Convert 3a15450 (base 12) to base 16.
af1d3c
What is 200111021222211 (base 3) in base 9?
20437884
Convert 4425221 (base 7) to base 12.
2230b2
Convert 442431 (base 7) to base 5.
4441421
What is 10001101010111101 (base 2) in base 14?
1c541
Convert -2b2e40 (base 15) to base 12.
-846b29
Convert 5438375 (base 9) to base 2.
1011001000101100111011
-2099685 (base 13) to base 7
-150262665
-3ca2cb (base 14) to base 4
-20001103023
Convert 1100100001100001 (base 2) to base 13.
1a46c
Convert -47540 (base 8) to base 14.
-7596
101002102222201 (base 3) to base 5
2333100031
Convert -11110102222 (base 3) to base 7.
-513662
Convert -2112112212222 (base 3) to base 14.
-271a25
-1062210 (base 7) to base 14
-365b0
What is -2853139 (base 10) in base 3?
-12100221202211
557321 (base 12) to base 3
2120010002221
Convert -10524663 (base 7) to base 3.
-1201102220020
1aa283 (base 15) to base 3
2110001012020
What is 21011212000 (base 3) in base 5?
14010233
521c0 (base 15) to base 5
31312110
What is 203323203 (base 5) in base 6?
25553030
1d839 (base 16) to base 6
2331401
Convert -100011110011010010 (base 2) to base 15.
-2d6b2
-154dcd (base 15) to base 9
-1837614
What is -17b5a76 (base 13) in base 11?
-4415883
What is 131323323 (base 4) in base 15?
264e9
What is 17151a (base 13) in base 11?
362518
28e9d (base 15) to base 7
1055344
What is 15108 (base 12) in base 2?
111001101011000
-4034999 (base 12) to base 13
-264876c
-13b9b76 (base 12) to base 16
-3cb24a
What is -1175332 (base 8) in base 7?
-2526331
-9708163 (base 10) to base 7
-145342453
130a58 (base 15) to base 4
3133002233
-30014211 (base 5) to base 11
-150a82
Convert -1220011222121 (base 3) to base 12.
-407037
What is -198459 (base 10) in base 5?
-22322314
Convert -121100110210 (base 3) to base 10.
-321834
What is 748759 (base 10) in base 16?
b6cd7
What is -10213021311 (base 4) in base 13?
-334371
What is -712185 (base 9) in base 3?
-210102012212
Convert -3761700 (base 9) to base 12.
-829460
Convert 12b23 (base 13) to base 9.
52714
Convert -36db2 (base 14) to base 8.
-406420
Convert 11110111111010101010111 (base 2) to base 7.
126023234
-121000200210 (base 3) to base 15
-636e0
145235343 (base 6) to base 5
1240201140
Convert 760937 (base 12) to base 15.
26d554
1221021001001 (base 3) to base 14
1cac2b
Convert 10122222221201 (base 3) to base 8.
7335646
What is -2284761 (base 9) in base 16?
-12e00e
Convert -31aab (base 14) to base 12.
-59607
-32a14 (base 16) to base 13
-73514
What is 11c9905 (base 13) in base 3?
101110120210221
Convert 2120001212210 (base 3) to base 10.
1359498
b0a623 (base 12) to base 10
2755323
Convert 241231301 (base 5) to base 2.
100010000111000000101
Convert 54fd32 (base 16) to base 4.
111033310302
70259b (base 12) to base 13
491a0b
What is 23409 (base 12) in base 8?
134211
Convert 44554454 (base 6) to base 14.
272dc6
What is 196a18a (base 11) in base 3?
20020210110200
What is 82823 (base 12) in base 11?
107131
What is -10428025 (base 10) in base 15?
-daebba
What is 1155452 (base 6) in base 4?
33023120
What is 101022122021101 (base 3) in base 5?
2401000331
-102d523 (base 14) to base 9
-15338258
What is -1cce7 (base 16) in base 6?
-2310131
Convert -5560435 (base 8) to base 4.
-11232010131
What is -13343240 (base 6) in base 4?
-1231222020
What is -3310144 (base 6) in base 14?
-44012
14627436 (base 10) to base 16
df326c
What is -836582 (base 10) in base 14?
-17ac3c
Convert 222231313 (base 6) to base 2.
1111011000011010111101
What is 33093 (base 12) in base 15?
15003
15756007 (base 9) to base 11
44aa447
Convert 3653114 (base 7) to base 9.
781388
Convert -319515 (base 14) to base 15.
-2320dd
What is -21031023132 (base 4) in base 13?
-66659a
Convert -2210221022111 (base 3) to base 13.
-404434
Convert 59fac (base 16) to base 15.
74306
What is -1620a (base 14) in base 11?
-38597
11001000111 (base 2) to base 13
968
-11314252 (base 10) to base 2
-101011001010010001001100
183334 (base 10) to base 8
546046
Convert -2111210010202 (base 3) to base 2.
-101000101101110011011
What is -191988 (base 11) in base 2?
-1001000000110101000
-712737 (base 9) to base 8
-1470113
2246535 (base 9) to base 16
127e83
What is -212313211 (base 4) in base 6?
-3225021
What is -2432d5 (base 16) in base 15?
-31cd8e
Convert 2101202102 (base 3) to base 14.
132bd
What is -45aa90 (base 14) in base 11?
-1380884
Convert 3143404 (base 11) to base 16.
5483db
1575653 (base 8) to base 4
1233232223
What is -5901a5 (base 15) in base 14?
-7c9c52
10200020101212 (base 3) to base 2
111011100111000000100
What is 31130323 (base 4) in base 7?
316432
Convert 1096b (base 15) to base 12.
2663b
What is 59509 (base 12) in base 10?
119961
What is -1897b8 (base 12) in base 3?
-210220210112
Convert 213306 (base 8) to base 5.
4240431
-47a738 (base 12) to base 3
-2011212120222
324432041 (base 5) to base 12
57929b
Convert 3100201101 (base 4) to base 6.
30150053
What is 20123422 (base 5) in base 11?
100056
What is -29acba (base 16) in base 11?
-15a5a94
Convert -3eac2b (base 16) to base 3.
-21201200011111
Convert -13224104023 (base 5) to base 8.
-77335636
11001101000111001011 (base 2) to base 3
1120200110021
What is 13636431 (base 7) in base 5?
312134221
Convert 1030023201 (base 4) to base 5.
34441113
726190 (base 10) to base 11
456663
-376564 (base 12) to base 5
-212342222
Convert -45b96 (base 15) to base 10.
-221991
-30111012332 (base 4) to base 12
-10ba592
-12102022120212 (base 3) to base 6
-141421122
What is 21311 (base 7) in base 5?
132200
2e1b1 (base 15) to base 3
21120020111
What is -128b2 (base 13) in base 2?
-1000011010010100
What is -2058276 (base 9) in base 2?
-100001100111110110110
What is 46709 (base 13) in base 4?
133121222
Convert -1509197 (base 10) to base 8.
-5603515
-149e88 (base 15) to base 2
-11110011000011001000
Convert -11011001111001000101 (base 2) to base 10.
-892485
-73448 (base 9) to base 2
-1011110101100010
94d76 (base 16) to base 9
1128253
Convert -5785 (base 9) to base 8.
-10301
Convert 213134 (base 6) to base 13.
7cb4
Convert 2202101201 (base 3) to base 12.
27477
Convert 481664 (base 9) to base 2.
1000110110010100101
dd3b83 (base 15) to base 7
155416542
-615889b (base 12) to base 5
-14140033021
-1c48d (base 15) to base 5
-10422113
-465664 (base 7) to base 10
-83689
-1cf6d (base 16) to base 2
-11100111101101101
Convert -121200210100202 (base 3) to base 13.
-1ab8866
What is -111010100100001000000010 (base 2) in base 12?
-5184542
-2725b (base 15) to base 16
-1e9e3
What is -2383837 (base 11) in base 13?
-b232a0
Convert 1114255 (base 7) to base 2.
100001110001111111
Convert -26820a (base 15) to base 9.
-3428601
What is -101011000110101010 (base 2) in base 6?
-3441214
-120a42 (base 16) to base 10
-1182274
Convert -100000110101000100011 (base 2) to base 14.
-200071
What is 160d51c (base 14) in base 8?
51130306
What is 101210020002 (base 3) in base 6?
4314515
-178f9 (base 16) to base 15
-1d8da
-3120420 (base 6) to base 8
-445734
What is -35433103 (base 6) in base 4?
-10032230133
-356441 (base 7) to base 9
-107678
1220102222012 (base 3) to base 4
3313031033
What is 121120020002000 (base 3) in base 8?
41450651
-1323c (base 13) to base 11
-24780
-2202021022221 (base 3) to base 6
-51155554
-20100210022 (base 3) to base 10
-125234
Convert -1d18c (base 15) to base 7.
-543360
What is 228975 (base 12) in base 4?
2013111221
What is 52eb (base 16) in base 4?
11023223
-711401 (base 9) to base 16
-66c5e
Convert 1527152 (base 9) to base 8.
3162357
What is 79 (base 11) in base 2?
1010110
Convert -85962 (base 13) to base 2.
-111010110110110010
3023013102 (base 4) to base 16
cb1d2
What is 31410020 (base 5) in base 10?
263135
What is -24232204 (base 5) in base 9?
-375561
Convert 70a99 (base 13) to base 2.
110001010000001111
1d7dd (base 16) to base 12
59aa5
-1403335 (base 7) to base 16
-2d6df
-10002200201 (base 3) to base 16
-ee54
-11001233001 (base 4) to base 9
-2427640
What is -1101011111101111101010 (base 2) in base 8?
-15375752
Convert 5a444 (base 11) to base 5.
10241142
8574b (base 13) to base 5
30200334
110001000100100000000 (base 2) to base 5
402423221
-a3544 (b